of 18417?
7
What is the hundreds digit of 87576?
5
What is the tens digit of 1186?
8
What is the thousands digit of 2305?
2
What is the units digit of 2587?
7
What is the tens digit of 17955?
5
What is the hundreds digit of 172?
1
What is the ten thousands digit of 13227?
1
What is the units digit of 440?
0
What is the hundreds digit of 1124?
1
What is the ten thousands digit of 42050?
4
What is the units digit of 893?
3
What is the thousands digit of 4208?
4
What is the hundreds digit of 2815?
8
What is the thousands digit of 14220?
4
What is the hundreds digit of 21018?
0
What is the hundreds digit of 4590?
5
What is the tens digit of 22259?
5
What is the thousands digit of 20187?
0
What is the units digit of 4984?
4
What is the tens digit of 22905?
0
What is the tens digit of 1899?
9
What is the tens digit of 77632?
3
What is the hundreds digit of 151?
1
What is the units digit of 64914?
4
What is the hundreds digit of 28836?
8
What is the tens digit of 1088?
8
What is the thousands digit of 1864?
1
What is the hundreds digit of 2664?
6
What is the thousands digit of 82398?
2
What is the tens digit of 2690?
9
What is the hundreds digit of 12447?
4
What is the tens digit of 459?
5
What is the units digit of 605?
5
What is the thousands digit of 2776?
2
What is the thousands digit of 17425?
7
What is the thousands digit of 3265?
3
What is the units digit of 2075?
5
What is the units digit of 11579?
9
What is the thousands digit of 9585?
9
What is the units digit of 2589?
9
What is the units digit of 604?
4
What is the thousands digit of 6791?
6
What is the units digit of 1006?
6
What is the thousands digit of 83893?
3
What is the units digit of 966?
6
What is the units digit of 735?
5
What is the ten thousands digit of 39993?
3
What is the tens digit of 32652?
5
What is the thousands digit of 26314?
6
What is the tens digit of 51859?
5
What is the units digit of 6620?
0
What is the thousands digit of 141069?
1
What is the thousands digit of 1379?
1
What is the tens digit of 7555?
5
What is the hundreds digit of 24428?
4
What is the tens digit of 1069?
6
What is the units digit of 1331?
1
What is the units digit of 1717?
7
What is the units digit of 69?
9
What is the hundreds digit of 862?
8
What is the hundreds digit of 502?
5
What is the tens digit of 826?
2
What is the hundreds digit of 2418?
4
What is the tens digit of 526?
2
What is the units digit of 44849?
9
What is the thousands digit of 57118?
7
What is the tens digit of 26894?
9
What is the units digit of 9762?
2
What is the units digit of 1717?
7
What is the hundreds digit of 3496?
4
What is the hundreds digit of 59233?
2
What is the units digit of 1098?
8
What is the thousands digit of 1935?
1
What is the tens digit of 106232?
3
What is the units digit of 4143?
3
What is the units digit of 1134?
4
What is the thousands digit of 20074?
0
What is the hundreds digit of 938?
9
What is the units digit of 56629?
9
What is the thousands digit of 3687?
3
What is the ten thousands digit of 110714?
1
What is the tens digit of 1762?
6
What is the units digit of 81930?
0
What is the hundred thousands digit of 108535?
1
What is the tens digit of 21953?
5
What is the units digit of 113?
3
What is the hundreds digit of 812?
8
What is the hundred thousands digit of 105395?
1
What is the hundreds digit of 47102?
1
What is the hundred thousands digit of 106409?
1
What is the hundreds digit of 3724?
7
What is the tens digit of 772?
7
What is the thousands digit of 1208?
1
What is the hundreds digit of 56825?
8
What is the tens digit of 21739?
3
What is the ten thousands digit of 10523?
1
What is the tens digit of 22339?
3
What is the hundreds digit of 585?
5
What is the thousands digit of 25448?
5
What is the tens digit of 3835?
3
What is the hundreds digit of 3313?
3
What is the units digit of 1652?
2
What is the thousands digit of 4534?
4
What is the hundreds digit of 49197?
1
What is the hundreds digit of 172090?
0
What is the ten thousands digit of 32122?
3
What is the tens digit of 942?
4
What is the units digit of 39205?
5
What is the hundreds digit of 7176?
1
What is the ten thousands digit of 17122?
1
What is the thousands digit of 7106?
7
What is the hundreds digit of 404?
4
What is the thousands digit of 3491?
3
What is the hundreds digit of 114?
1
What is the thousands digit of 15873?
5
What is the units digit of 15389?
9
What is the thousands digit of 28605?
8
What is the tens digit of 1483?
8
What is the thousands digit of 6213?
6
What is the hundreds digit of 21817?
8
What is the hundreds digit of 7605?
6
What is the units digit of 638?
8
What is the tens digit of 2947?
4
What is the hundreds digit of 45276?
2
What is the tens digit of 4803?
0
What is the tens digit of 2465?
6
What is the units digit of 2129?
9
What is the hundreds digit of 7022?
0
What is the units digit of 6709?
9
What is the hundreds digit of 20189?
1
What is the ten thousands digit of 11983?
1
What is the tens digit of 1426?
2
What is the ten thousands digit of 11290?
1
What is the tens digit of 5090?
9
What is the units digit of 3635?
5
What is the tens digit of 1190?
9
What is the thousands digit of 7557?
7
What is the thousands digit of 1980?
1
What is the ten thousands digit of 38726?
3
What is the hundreds digit of 73183?
1
What is the tens digit of 910?
1
What is the units digit of 5725?
5
What is the thousands digit of 41712?
1
What is the hundreds digit of 5054?
0
What is the units digit of 451?
1
What is the units digit of 2584?
4
What is the thousands digit of 12489?
2
What is the ten thousands digit of 11225?
1
What is the thousands digit of 3192?
3
What is the ten thousands digit of 17912?
1
What is the hundreds digit of 762?
7
What is the tens digit of 14946?
4
What is the ten thousands digit of 12133?
1
What is the hundreds digit of 7900?
9
What is the thousands digit of 2106?
2
What is the ten thousands digit of 11293?
1
What is the units digit of 3681?
1
What is the hundreds digit of 30542?
5
What is the thousands digit of 33987?
3
What is the units digit of 23966?
6
What is the hundreds digit of 821?
8
What is the thousands digit of 53259?
3
What is the tens digit of 763?
6
What is the hundreds digit of 718?
7
What is the tens digit of 9141?
4
What is the thousands digit of 4864?
4
What is the units digit of 34227?
7
What is the thousands digit of 25892?
5
What is the thousands digit of 79563?
9
What is the tens digit of 3871?
7
What is the tens digit of 1266?
6
What is the hundreds digit of 1490?
4
What is the hundreds digit of 127973?
9
What is the thousands digit of 12445?
2
What is the tens digit of 805?
0
What is the ten thousands digit of 80839?
8
What is the tens digit of 3609?
0
What is the tens digit of 1585?
8
What is the thousands digit of 1554?
1
What is the ten thousands digit of 23907?
2
What is the tens digit of 1454?
5
What is the hundreds digit of 251?
2
What is the ten thousands digit of 38793?
3
What is the hundreds digit of 21143?
1
What is the tens digit of 423?
2
What is the thousands digit of 75182?
5
What is the tens digit of 748?
4
What is the hundreds digit of 390?
3
What is the thousands digit of 1925?
1
What is the units digit of 2144?
4
What is the units digit of 56594?
4
What is the thousands digit of 9310?
9
What is the tens digit of 772?
7
What is the ten thousands digit of 67014?
6
What is the tens digit of 24355?
5
What is the thousands digit of 41146?
1
What is the thousands digit of 5139?
5
What is the ten thousands digit of 16959?
1
What is the tens digit of 11911?
1
What is the thousands digit of 2618?
2
What is the units digit of 7028?
8
What is the hundreds digit of 723?
7
What is the thousands digit of 5540?
5
What is the units digit of 49928?
8
What is the units digit of 8810?
0
What is the units digit of 672?
2
What is the units digit of 14818?
8
What is the thousands digit of 5123?
5
What is the hundreds digit of 4371?
3
What is the tens digit of 431?
3
What is the units digit of 4516?
6
What is the units digit of 3370?
0
What is the units digit of 2300?
0
What is the thousands digit of 3064?
3
What is the hundreds digit of 4052?
0
What is the thousands digit of 13580?
3
What is the tens digit of 12191?
9
What is the tens digit of 6772?
7
What is the 